multiple of 4?
True
Suppose 5*z = 3*h - 2315, -4*z + 2310 = -9*z + 2*h. Let w = z + 492. Is w a multiple of 6?
False
Let t = 181 + -256. Let d be (3 - -27)*t/(-10). Suppose -7*n + d = -6*n. Is n a multiple of 9?
True
Suppose 21*g = 13*g + 3*g. Is (g + 15)*(288/40 + -3) a multiple of 9?
True
Let u(f) = -11*f + 154. Let m be u(8). Suppose 0 = -m*v + 50*v + 7488. Is v a multiple of 27?
False
Let u(y) = 49*y**2 + 188*y + 21. Does 9 divide u(-14)?
True
Suppose -54*f - 33*f + 63*f + 36312 = 0. Does 17 divide f?
True
Let a(f) be the first derivative of f**6/180 + f**5/20 + f**4/2 - 38*f**3/3 - 29. Let d(i) be the third derivative of a(i). Does 10 divide d(-9)?
True
Let t = 136 + -95. Does 10 divide (25/(-3) + 2)/(t/(-3075))?
False
Let v = 70 + -109. Let l = v + 207. Is (l/(-98))/((-2)/84) a multiple of 17?
False
Let y(n) = 16 + 2*n + 41*n - n + 38*n. Is y(2) a multiple of 11?
True
Does 175 divide (-33)/(-24)*8 - -15926?
False
Let o = -678 + 1256. Is o a multiple of 5?
False
Let w = -62 + 92. Let u be w*-3*(-1)/(-3). Is 21 a factor of (-1600)/u + (-2 - (-10)/6)?
False
Suppose 50*v = 30*v + 120. Does 10 divide v - 804/((-60)/10)?
True
Let f be (7772/(-145))/(1/10). Let o = 758 + f. Is 28 a factor of o?
False
Suppose 2*h = 6*h - 24. Suppose -h*a + 616 = 5*a. Suppose -58*o = -a*o - 258. Is o a multiple of 43?
True
Suppose 63*w = 69*w + 30. Does 13 divide (14/4)/(w - 2346/(-468))?
True
Let z = 48269 - 33468. Is z a multiple of 41?
True
Let s be 51*(-102)/(-6)*3. Does 56 divide (s/(-12))/(-9*7/168)?
False
Suppose 27 - 1 = -s. Let z be 14/3 - s/(-39). Suppose 3*r + 5*o = z*r - 107, 0 = 5*r - 5*o - 555. Is r a multiple of 16?
True
Suppose 0 = -4*j - k + 34, -5*k + 4 + 31 = 5*j. Suppose 3*p = 2*q - 16 + 5, j = 3*p. Is 12 a factor of 1286/q - (-10)/25?
False
Let x(g) = 168*g**2 + 274*g + 2941. Does 43 divide x(-11)?
False
Let h(z) = 27*z - 32. Let i be h(-7). Let o = -156 - i. Let b = o - -7. Does 24 divide b?
True
Is -8450*(-1 + (22 - 23)) a multiple of 7?
False
Suppose -5*o + 3*m + 36503 = 0, 5*m = -27*o + 31*o - 29218. Is o a multiple of 32?
False
Suppose -2*f + 98 - 31 = -5*s, 4*f + 5*s = 179. Let d = 29 + f. Is 11 a factor of d?
False
Let h(n) = -11*n + 22. Let t be h(-2). Let b = t - -42. Does 10 divide b?
False
Let f be (-2)/(-6) + (-174)/(-18). Let j = f + -8. Suppose -93 = -j*u - 5*c + 85, -4*c = -8. Is u a multiple of 12?
True
Suppose 307*q - 353*q = -13064. Is q a multiple of 15?
False
Let k(u) = -4*u**3 - u**2 + 13*u - 10. Let r(d) = -5*d**3 + 14*d - 9. Let p(q) = 6*k(q) - 5*r(q). Let f be p(6). Let m = f + 55. Is m a multiple of 11?
True
Let n(t) = 7*t - 43. Let o(l) = l - 1. Let c(r) = n(r) - 5*o(r). Let x be c(20). Suppose 5*s = 4*m - 254, -x*m + 6*m - 270 = -3*s. Is 16 a factor of m?
False
Let g = -2414 - -6870. Is 33 a factor of g?
False
Suppose -4*p + 484 = -4*l, 2*p - 608 = -0*l + 5*l. Let b = 146 + l. Is 3 a factor of b?
True
Suppose 5*v - 2*r + 86 = -0*r, 5*v - r = -88. Is 11 a factor of (87/(-12) + 2)/(v/336)?
False
Suppose -4*k = -5*v + 5596, -27*v + 28*v - 6*k - 1114 = 0. Does 11 divide v?
False
Suppose -2*p - 2*i - 60 = -p, -4*i = 4*p + 260. Suppose n = -3*w + 125 - 1, 5*n - 3*w = 548. Let v = p + n. Does 3 divide v?
True
Let c(x) = 14*x - 126. Let b be c(9). Suppose -90 + 290 = 2*f. Suppose -3*u - 117 = -2*v + f, b = -4*v - 5*u + 401. Is v a multiple of 13?
True
Let h(w) = 23*w**3 - 159*w**2 + 95*w + 246. Let v(m) = -8*m**3 + 55*m**2 - 32*m - 82. Let z(t) = 6*h(t) + 17*v(t). Is 67 a factor of z(12)?
False
Let d(i) = i**3 + 2*i**2 - 4*i - 10. Let s be d(3). Suppose 68*u - s = 67*u. Is u even?
False
Suppose 0 = 4*d - 0 - 12. Suppose d*p + 3*a = 759, 5*p = a + 1168 + 91. Does 6 divide p?
True
Let s(d) = 3*d + 3. Let k be s(4). Let h be 1*3/(k/25). Suppose -440 = -h*g + r, g + r = -r + 88. Is g a multiple of 11?
True
Let k(i) = 121*i**2 - 125*i + 80*i**2 + 132*i. Is k(1) a multiple of 5?
False
Suppose 5*i + 15*o + 7 = 12*o, -i = 4*o + 15. Does 27 divide ((-2)/6)/i + (-5110)/(-21)?
True
Suppose -4*v = -4*r - 32, -3*v - 4*r = r. Suppose -v*q - 3*q + 24 = 0. Suppose -q*x + 792 = 8*x. Does 18 divide x?
True
Let w(x) = 2*x - 8. Let c be w(10). Let a be (-268)/6 + c/18. Let q = -20 - a. Is q a multiple of 12?
True
Suppose 0 = 7*y - 15*y - 64. Let g(i) = -38*i + 10. Is 17 a factor of g(y)?
False
Let q be 14/(-105) + (-7513)/15. Let o = q - -957. Is o a multiple of 8?
True
Let v be 82 - 1*0/(-8 - -3). Is 4 a factor of v + -15*(-2)/(-6)?
False
Is (-7)/(16/(-100)*(-4)/(-1632)) a multiple of 85?
True
Suppose 8*f = 7*f + 117. Let a = 123 - f. Suppose 0 = -y - 4*n + 285, 4*y + 560 = a*y - 2*n. Does 13 divide y?
False
Let h be (-4)/(-1) + 15 + -2 + -2. Let a(r) = -r**2 + 20*r - 23. Is 4 a factor of a(h)?
True
Let m be 1*-4 - (-19 + 8 + 6). Is (m/(-2))/((-40)/5520) a multiple of 69?
True
Suppose a - 93 + 96 = 0. Does 8 divide 215 + (-30)/(-6) - a?
False
Suppose -589 = 4*o - 1517. Suppose o*c + 400 = 234*c. Is 8 a factor of c?
True
Suppose 2 = o - 2*y + 4, -3*y - 25 = -5*o. Suppose -355 = -o*n + 253. Let p = 131 - n. Is p a multiple of 19?
False
Suppose -5*i - 28 = -i. Let k be (-768)/i - 6/(-21). Let q = -20 + k. Does 18 divide q?
True
Let u(k) = k**2 - 37*k + 232. Let b be u(8). Let o be -6*1*(-6)/9. Suppose -o*p = -b*p - 100. Is 5 a factor of p?
True
Let v(x) = -x**2 - 3*x + 33. Let y be v(4). Suppose 0 = -y*l + l + 2*u + 1970, 5*l - 2500 = -5*u. Is 47 a factor of l?
False
Is 71 a factor of (579*1)/(3/16)?
False
Is 6036 - -4*(-30)/(-8) a multiple of 20?
False
Suppose -703 = 4*b - 3*q, 4 = -3*q - 5. Let s = b - -262. Is s a multiple of 21?
True
Suppose 21 = 2*c - 51. Let q(u) = -17 - 14*u + c - 30 - 4*u. Is 19 a factor of q(-8)?
True
Does 217 divide (17 - (-4543)/(-121))*-2101?
False
Suppose -70 = 24*n - 14*n. Let p(u) = u**3 + 5*u**2 - 15*u + 8. Let k be p(n). Does 6 divide 248/(-10)*k/(-6)?
False
Suppose 0 = -3*h + 2*p + 222, -6 = 6*p - 4*p. Is 18 a factor of (3/4)/(2 + (-143)/h)?
True
Suppose -16*x + 1137 = 6529. Let i = -249 - x. Does 22 divide i?
True
Let b be 0 - (-474)/(-4)*2. Suppose -397 = 4*j + 5*z, -7*z = 3*j - 8*z + 312. Let l = j - b. Is 22 a factor of l?
False
Suppose o = -5*c + 69, 5*o + 4*c - 339 = -36. Let h = 59 - o. Suppose h = 5*l - 7*l + 20. Is 4 a factor of l?
False
Suppose 9*g = 407 + 133. Suppose 14*f - 12*f + g = 0. Does 8 divide (38/(-10) + 3)*f?
True
Let l = -103 - -101. Is (-258)/l*(546/(-18))/(-7) a multiple of 59?
False
Suppose 4*v - 2937 = 2*x + 685, -2*v + 1829 = 5*x. Suppose 5*p = -3*a + v, -a + 2*a = p + 305. Is 4 a factor of a?
True
Let s = 265 + -142. Let h be 2/6 + ((-950)/(-30))/19. Suppose 0 = h*n - s + 3. Is 15 a factor of n?
True
Suppose 3*l = -2*m - 49 + 196, 5*m = -3*l + 345. Suppose 5*z + 19 = -6, 4*u + z + 141 = 0. Let b = m + u. Is 4 a factor of b?
True
Suppose -179*o - 2475 = -188*o. Does 5 divide o?
True
Let a(d) = -d**2 - d**2 - 3*d**2 + 8*d**2 - 10 - 36*d. Let n be a(16). Suppose -3*w + 269 = j, 2*w - 2*j - n = -0*j. Is 45 a factor of w?
True
Let n(o) = 41*o + 7. Let g(s) = 4*s. Let q(f) = 44*g(f) - 4*n(f). Let p(l) = l**2 + 24*l - 45. Let d be p(-26). Does 14 divide q(d)?
True
Let n(i) = 18*i**2 - 49*i - 93. Is n(-17) a multiple of 59?
False
Suppose -121*k + 110348 = -93*k. Is 58 a factor of k?
False
Let a be (10/(-6))/((-6)/1188). Let r = 517 - a. Is 11 a factor of r?
True
Let j(r) = -r**3 + 3*r**2 - 3*r - 1. Let t be j(3). Let y = t - -14. Suppose -4*h = -9*h + y*d + 540, -2*d - 322 = -3*h. Does 13 divide h?
True
Let h(b) = 933*b**2 + 13*b - 6. Does 37 divide h(-2)?
True
Let s(v) = 43*v + v**2 - 41*v - 95 - 40. Let b be s(0). Let k = 150 + b. Does 15 divide k?
True
Suppose 222 = 4*m - 34. Suppose -2*p = -10*p + m. Suppose 0*d = p*d - 344. Is 24 a factor of d?
False
Suppose -3*b - 20964 = -3*i, -19*b + 20934 = 3*i - 16*b. Suppose 29*z = 1108 + i. Is z a multiple of 6?
False
Suppose v + 4*i - 6 - 8 = 0, -3*v - 9 = -5*i. Suppose c - 527 = -4*r, 0 = r - 5*c - 156 - v. Does 19 divide r?
True
Let o be 40/(-24) - (-64)/6. Suppose -2*w - 182 = -3*z, 4*z + 301 = o*z - w. Does 20 divide z?
True
Let y = -8 - -13. Suppose 4*a = y*a. Is 7 a factor of (3 - 0) + 15 + a?
False
Suppose -20*k - 450 = -25*k. Let b = k + 13. Let m = -21 + b. Is 9 a factor of m?
False
Let t(j) = 2*j - 4. Let v be t(4). Let i be v/(-